{"id":194,"date":"2023-07-14T14:34:11","date_gmt":"2023-07-14T12:34:11","guid":{"rendered":"http:\/\/psdsopatow.pl\/?page_id=194"},"modified":"2023-07-14T15:35:02","modified_gmt":"2023-07-14T13:35:02","slug":"ii-zawody-sportowe-o-puchar-starosty-powiatu-opatowskiego","status":"publish","type":"page","link":"https:\/\/psdsopatow.pl\/","title":{"rendered":"Aktualno\u015bci"},"content":{"rendered":"\t\t<div data-elementor-type=\"wp-page\" data-elementor-id=\"194\" class=\"elementor elementor-194\">\n\t\t\t\t\t\t<section class=\"elementor-section elementor-top-section elementor-element elementor-element-a9375ef elementor-section-boxed elementor-section-height-default elementor-section-height-default\" data-id=\"a9375ef\" data-element_type=\"section\">\n\t\t\t\t\t\t<div class=\"elementor-container elementor-column-gap-default\">\n\t\t\t\t\t<div class=\"elementor-column elementor-col-100 elementor-top-column elementor-element elementor-element-0c66138\" data-id=\"0c66138\" data-element_type=\"column\">\n\t\t\t<div class=\"elementor-widget-wrap elementor-element-populated\">\n\t\t\t\t\t\t<div class=\"elementor-element elementor-element-9bd73f5 elementor-widget elementor-widget-heading\" data-id=\"9bd73f5\" data-element_type=\"widget\" data-widget_type=\"heading.default\">\n\t\t\t\t<div class=\"elementor-widget-container\">\n\t\t\t<h2 class=\"elementor-heading-title elementor-size-large\">II Zawody Sportowe o Puchar Starosty Powiatu Opatowskiego<\/h2>\t\t<\/div>\n\t\t\t\t<\/div>\n\t\t\t\t\t<\/div>\n\t\t<\/div>\n\t\t\t\t\t<\/div>\n\t\t<\/section>\n\t\t\t\t<section class=\"elementor-section elementor-top-section elementor-element elementor-element-f9db689 elementor-section-boxed elementor-section-height-default elementor-section-height-default\" data-id=\"f9db689\" data-element_type=\"section\">\n\t\t\t\t\t\t<div class=\"elementor-container elementor-column-gap-default\">\n\t\t\t\t\t<div class=\"elementor-column elementor-col-33 elementor-top-column elementor-element elementor-element-dcc5347\" data-id=\"dcc5347\" data-element_type=\"column\">\n\t\t\t<div class=\"elementor-widget-wrap elementor-element-populated\">\n\t\t\t\t\t\t<div class=\"elementor-element elementor-element-64aef39 elementor-widget elementor-widget-text-editor\" data-id=\"64aef39\" data-element_type=\"widget\" data-widget_type=\"text-editor.default\">\n\t\t\t\t<div class=\"elementor-widget-container\">\n\t\t\t\t\t\t\t<p><span style=\"color: rgb(5, 5, 5); font-family: &quot;Segoe UI Historic&quot;, &quot;Segoe UI&quot;, Helvetica, Arial, sans-serif; font-size: 15px; white-space: pre-wrap;\">W dniu 15.06.2023 roku uczestniczyli\u015bmy w \u201eII Zawodach Sportowych o Puchar Starosty Powiatu Opatowskiego\u201d zorganizowanych przez Dom Pomocy Spo\u0142ecznej w Sobowie oraz Warsztat Terapii Zaj\u0119ciowej w Sobowie. Nasi uczestnicy musieli wykaza\u0107 si\u0119 nie lada sprawno\u015bci\u0105 bior\u0105c udzia\u0142 w kilku konkurencjach. Po zaci\u0119tej walce wy\u0142oniony zosta\u0142 zwyci\u0119zca tegorocznych Zawod\u00f3w \u2013 Warsztat Terapii Zaj\u0119ciowej nr 2 w Opatowie, kt\u00f3ry zatrzyma\u0142 puchar w swojej plac\u00f3wce na kolejny rok. Serdecznie <\/span><span style=\"font-family: &quot;Segoe UI Historic&quot;, &quot;Segoe UI&quot;, Helvetica, Arial, sans-serif; color: rgb(5, 5, 5); font-size: 15px; white-space: pre-wrap; animation-name: none !important; transition-property: none !important;\"><a tabindex=\"-1\" style=\"color: rgb(56, 88, 152); cursor: pointer; text-decoration-line: none; font-family: inherit; animation-name: none !important; transition-property: none !important;\"><\/a><\/span><span style=\"color: rgb(5, 5, 5); font-family: &quot;Segoe UI Historic&quot;, &quot;Segoe UI&quot;, Helvetica, Arial, sans-serif; font-size: 15px; white-space: pre-wrap;\">gratulujemy zwyci\u0119zcom i z niecierpliwo\u015bci\u0105 wyczekujemy kolejnej edycji.<\/span><br><\/p>\t\t\t\t\t\t<\/div>\n\t\t\t\t<\/div>\n\t\t\t\t\t<\/div>\n\t\t<\/div>\n\t\t\t\t<div class=\"elementor-column elementor-col-66 elementor-top-column elementor-element elementor-element-4687463\" data-id=\"4687463\" data-element_type=\"column\">\n\t\t\t<div class=\"elementor-widget-wrap elementor-element-populated\">\n\t\t\t\t\t\t<div class=\"elementor-element elementor-element-de165c5 elementor-widget__width-initial elementor-widget elementor-widget-image\" data-id=\"de165c5\" data-element_type=\"widget\" data-widget_type=\"image.default\">\n\t\t\t\t<div class=\"elementor-widget-container\">\n\t\t\t\t\t\t\t\t\t\t\t\t\t<img fetchpriority=\"high\" decoding=\"async\" width=\"577\" height=\"1024\" src=\"https:\/\/psdsopatow.pl\/wp-content\/uploads\/2023\/07\/355477039_217987064466916_3722034907307846254_n-577x1024.jpg\" class=\"attachment-large size-large wp-image-197\" alt=\"\" srcset=\"https:\/\/psdsopatow.pl\/wp-content\/uploads\/2023\/07\/355477039_217987064466916_3722034907307846254_n-577x1024.jpg 577w, https:\/\/psdsopatow.pl\/wp-content\/uploads\/2023\/07\/355477039_217987064466916_3722034907307846254_n-169x300.jpg 169w, https:\/\/psdsopatow.pl\/wp-content\/uploads\/2023\/07\/355477039_217987064466916_3722034907307846254_n-768x1364.jpg 768w, https:\/\/psdsopatow.pl\/wp-content\/uploads\/2023\/07\/355477039_217987064466916_3722034907307846254_n-865x1536.jpg 865w, https:\/\/psdsopatow.pl\/wp-content\/uploads\/2023\/07\/355477039_217987064466916_3722034907307846254_n.jpg 1153w\" sizes=\"(max-width: 577px) 100vw, 577px\" \/>\t\t\t\t\t\t\t\t\t\t\t\t\t<\/div>\n\t\t\t\t<\/div>\n\t\t\t\t\t<\/div>\n\t\t<\/div>\n\t\t\t\t\t<\/div>\n\t\t<\/section>\n\t\t\t\t<section class=\"elementor-section elementor-top-section elementor-element elementor-element-a839404 elementor-section-boxed elementor-section-height-default elementor-section-height-default\" data-id=\"a839404\" data-element_type=\"section\">\n\t\t\t\t\t\t<div class=\"elementor-container elementor-column-gap-default\">\n\t\t\t\t\t<div class=\"elementor-column elementor-col-100 elementor-top-column elementor-element elementor-element-c88102e\" data-id=\"c88102e\" data-element_type=\"column\">\n\t\t\t<div class=\"elementor-widget-wrap elementor-element-populated\">\n\t\t\t\t\t\t<div class=\"elementor-element elementor-element-79357d7 elementor-widget elementor-widget-heading\" data-id=\"79357d7\" data-element_type=\"widget\" data-widget_type=\"heading.default\">\n\t\t\t\t<div class=\"elementor-widget-container\">\n\t\t\t<h2 class=\"elementor-heading-title elementor-size-large\">VIII Mistrzostwach \u015arodowiskowych Dom\u00f3w Samopomocy w Tenisie Sto\u0142owym<\/h2>\t\t<\/div>\n\t\t\t\t<\/div>\n\t\t\t\t\t<\/div>\n\t\t<\/div>\n\t\t\t\t\t<\/div>\n\t\t<\/section>\n\t\t\t\t<section class=\"elementor-section elementor-top-section elementor-element elementor-element-b9b8d0c elementor-section-boxed elementor-section-height-default elementor-section-height-default\" data-id=\"b9b8d0c\" data-element_type=\"section\">\n\t\t\t\t\t\t<div class=\"elementor-container elementor-column-gap-default\">\n\t\t\t\t\t<div class=\"elementor-column elementor-col-66 elementor-top-column elementor-element elementor-element-439fce5\" data-id=\"439fce5\" data-element_type=\"column\">\n\t\t\t<div class=\"elementor-widget-wrap elementor-element-populated\">\n\t\t\t\t\t\t<div class=\"elementor-element elementor-element-3faf609 elementor-widget elementor-widget-image\" data-id=\"3faf609\" data-element_type=\"widget\" data-widget_type=\"image.default\">\n\t\t\t\t<div class=\"elementor-widget-container\">\n\t\t\t\t\t\t\t\t\t\t\t\t\t<img decoding=\"async\" width=\"980\" height=\"621\" src=\"https:\/\/psdsopatow.pl\/wp-content\/uploads\/2023\/07\/355321549_217983454467277_6087103568468731970_n-1024x649.jpg\" class=\"attachment-large size-large wp-image-203\" alt=\"\" srcset=\"https:\/\/psdsopatow.pl\/wp-content\/uploads\/2023\/07\/355321549_217983454467277_6087103568468731970_n-1024x649.jpg 1024w, https:\/\/psdsopatow.pl\/wp-content\/uploads\/2023\/07\/355321549_217983454467277_6087103568468731970_n-300x190.jpg 300w, https:\/\/psdsopatow.pl\/wp-content\/uploads\/2023\/07\/355321549_217983454467277_6087103568468731970_n-768x487.jpg 768w, https:\/\/psdsopatow.pl\/wp-content\/uploads\/2023\/07\/355321549_217983454467277_6087103568468731970_n-1536x973.jpg 1536w, https:\/\/psdsopatow.pl\/wp-content\/uploads\/2023\/07\/355321549_217983454467277_6087103568468731970_n.jpg 1798w\" sizes=\"(max-width: 980px) 100vw, 980px\" \/>\t\t\t\t\t\t\t\t\t\t\t\t\t<\/div>\n\t\t\t\t<\/div>\n\t\t\t\t\t<\/div>\n\t\t<\/div>\n\t\t\t\t<div class=\"elementor-column elementor-col-33 elementor-top-column elementor-element elementor-element-7a8292a\" data-id=\"7a8292a\" data-element_type=\"column\">\n\t\t\t<div class=\"elementor-widget-wrap elementor-element-populated\">\n\t\t\t\t\t\t<div class=\"elementor-element elementor-element-13e864a elementor-widget elementor-widget-text-editor\" data-id=\"13e864a\" data-element_type=\"widget\" data-widget_type=\"text-editor.default\">\n\t\t\t\t<div class=\"elementor-widget-container\">\n\t\t\t\t\t\t\t<p><span style=\"color: #050505; font-family: 'Segoe UI Historic', 'Segoe UI', Helvetica, Arial, sans-serif; font-size: 15px; white-space: pre-wrap;\">Nasi uczestnicy ch\u0119tnie bior\u0105 udzia\u0142 w imprezach integracyjnych oraz zawodach sportowych. Tym razem korzystaj\u0105c z zaproszenia wzi\u0119li udzia\u0142 w VIII Mistrzostwach \u015arodowiskowych Dom\u00f3w Samopomocy w Tenisie Sto\u0142owym zorganizowanych przez Fundacj\u0119 La Zebra oraz \u015arodowiskowy Dom Samopomocy fundacji La Zebra w Krzcinie. Udzia\u0142 w Mistrzostwach przyni\u00f3s\u0142 nam wiele satysfakcji i rado\u015bci \u2013 po ci\u0119\u017ckim boju wywalczyli\u015bmy dwa drugie miejsca w grze singlowej kobiet i m\u0119\u017cczyzn. Gratulujemy <\/span><span style=\"color: #050505; font-family: 'Segoe UI Historic', 'Segoe UI', Helvetica, Arial, sans-serif; font-size: 15px; white-space: pre-wrap;\">naszym uczestnikom sukcesu i z nadziej\u0105 oczekujemy na kolejne.<\/span><\/p>\t\t\t\t\t\t<\/div>\n\t\t\t\t<\/div>\n\t\t\t\t\t<\/div>\n\t\t<\/div>\n\t\t\t\t\t<\/div>\n\t\t<\/section>\n\t\t\t\t<\/div>\n\t\t","protected":false},"excerpt":{"rendered":"<p>II Zawody Sportowe o Puchar Starosty Powiatu Opatowskiego W dniu 15.06.2023 roku uczestniczyli\u015bmy w \u201eII Zawodach Sportowych o Puchar Starosty Powiatu Opatowskiego\u201d zorganizowanych przez Dom Pomocy Spo\u0142ecznej w Sobowie oraz Warsztat Terapii Zaj\u0119ciowej w Sobowie. Nasi uczestnicy musieli wykaza\u0107 si\u0119 nie lada sprawno\u015bci\u0105 bior\u0105c udzia\u0142 w kilku konkurencjach. Po zaci\u0119tej walce wy\u0142oniony zosta\u0142 zwyci\u0119zca tegorocznych [&hellip;]<\/p>\n","protected":false},"author":1,"featured_media":0,"parent":0,"menu_order":0,"comment_status":"closed","ping_status":"closed","template":"","meta":{"footnotes":""},"class_list":["post-194","page","type-page","status-publish","hentry"],"yoast_head":"<!-- This site is optimized with the Yoast SEO plugin v23.9 - https:\/\/yoast.com\/wordpress\/plugins\/seo\/ -->\n<title>Aktualno\u015bci - Powiatowy \u015arodowiskowy Dom Samopomocy typu A B C D w Opatowie<\/title>\n<meta name=\"robots\" content=\"index, follow, max-snippet:-1, max-image-preview:large, max-video-preview:-1\" \/>\n<link rel=\"canonical\" href=\"https:\/\/psdsopatow.pl\/\" \/>\n<meta property=\"og:locale\" content=\"pl_PL\" \/>\n<meta property=\"og:type\" content=\"article\" \/>\n<meta property=\"og:title\" content=\"Aktualno\u015bci - Powiatowy \u015arodowiskowy Dom Samopomocy typu A B C D w Opatowie\" \/>\n<meta property=\"og:description\" content=\"II Zawody Sportowe o Puchar Starosty Powiatu Opatowskiego W dniu 15.06.2023 roku uczestniczyli\u015bmy w \u201eII Zawodach Sportowych o Puchar Starosty Powiatu Opatowskiego\u201d zorganizowanych przez Dom Pomocy Spo\u0142ecznej w Sobowie oraz Warsztat Terapii Zaj\u0119ciowej w Sobowie. Nasi uczestnicy musieli wykaza\u0107 si\u0119 nie lada sprawno\u015bci\u0105 bior\u0105c udzia\u0142 w kilku konkurencjach. Po zaci\u0119tej walce wy\u0142oniony zosta\u0142 zwyci\u0119zca tegorocznych [&hellip;]\" \/>\n<meta property=\"og:url\" content=\"https:\/\/psdsopatow.pl\/\" \/>\n<meta property=\"og:site_name\" content=\"Powiatowy \u015arodowiskowy Dom Samopomocy typu A B C D w Opatowie\" \/>\n<meta property=\"article:modified_time\" content=\"2023-07-14T13:35:02+00:00\" \/>\n<meta property=\"og:image\" content=\"http:\/\/psdsopatow.pl\/wp-content\/uploads\/2023\/07\/355477039_217987064466916_3722034907307846254_n-577x1024.jpg\" \/>\n<meta name=\"twitter:card\" content=\"summary_large_image\" \/>\n<meta name=\"twitter:label1\" content=\"Szacowany czas czytania\" \/>\n\t<meta name=\"twitter:data1\" content=\"1 minuta\" \/>\n<script type=\"application\/ld+json\" class=\"yoast-schema-graph\">{\"@context\":\"https:\/\/schema.org\",\"@graph\":[{\"@type\":\"WebPage\",\"@id\":\"https:\/\/psdsopatow.pl\/\",\"url\":\"https:\/\/psdsopatow.pl\/\",\"name\":\"Aktualno\u015bci - Powiatowy \u015arodowiskowy Dom Samopomocy typu A B C D w Opatowie\",\"isPartOf\":{\"@id\":\"https:\/\/psdsopatow.pl\/#website\"},\"primaryImageOfPage\":{\"@id\":\"https:\/\/psdsopatow.pl\/#primaryimage\"},\"image\":{\"@id\":\"https:\/\/psdsopatow.pl\/#primaryimage\"},\"thumbnailUrl\":\"http:\/\/psdsopatow.pl\/wp-content\/uploads\/2023\/07\/355477039_217987064466916_3722034907307846254_n-577x1024.jpg\",\"datePublished\":\"2023-07-14T12:34:11+00:00\",\"dateModified\":\"2023-07-14T13:35:02+00:00\",\"breadcrumb\":{\"@id\":\"https:\/\/psdsopatow.pl\/#breadcrumb\"},\"inLanguage\":\"pl-PL\",\"potentialAction\":[{\"@type\":\"ReadAction\",\"target\":[\"https:\/\/psdsopatow.pl\/\"]}]},{\"@type\":\"ImageObject\",\"inLanguage\":\"pl-PL\",\"@id\":\"https:\/\/psdsopatow.pl\/#primaryimage\",\"url\":\"https:\/\/psdsopatow.pl\/wp-content\/uploads\/2023\/07\/355477039_217987064466916_3722034907307846254_n.jpg\",\"contentUrl\":\"https:\/\/psdsopatow.pl\/wp-content\/uploads\/2023\/07\/355477039_217987064466916_3722034907307846254_n.jpg\",\"width\":1153,\"height\":2048},{\"@type\":\"BreadcrumbList\",\"@id\":\"https:\/\/psdsopatow.pl\/#breadcrumb\",\"itemListElement\":[{\"@type\":\"ListItem\",\"position\":1,\"name\":\"Home\",\"item\":\"https:\/\/psdsopatow.pl\/\"},{\"@type\":\"ListItem\",\"position\":2,\"name\":\"Aktualno\u015bci\"}]},{\"@type\":\"WebSite\",\"@id\":\"https:\/\/psdsopatow.pl\/#website\",\"url\":\"https:\/\/psdsopatow.pl\/\",\"name\":\"Powiatowy \u015arodowiskowy Dom Samopomocy typu A B C D w Opatowie\",\"description\":\"\",\"publisher\":{\"@id\":\"https:\/\/psdsopatow.pl\/#organization\"},\"potentialAction\":[{\"@type\":\"SearchAction\",\"target\":{\"@type\":\"EntryPoint\",\"urlTemplate\":\"https:\/\/psdsopatow.pl\/?s={search_term_string}\"},\"query-input\":{\"@type\":\"PropertyValueSpecification\",\"valueRequired\":true,\"valueName\":\"search_term_string\"}}],\"inLanguage\":\"pl-PL\"},{\"@type\":\"Organization\",\"@id\":\"https:\/\/psdsopatow.pl\/#organization\",\"name\":\"Powiatowy \u015arodowiskowy Dom Samopomocy typu A B C D w Opatowie\",\"url\":\"https:\/\/psdsopatow.pl\/\",\"logo\":{\"@type\":\"ImageObject\",\"inLanguage\":\"pl-PL\",\"@id\":\"https:\/\/psdsopatow.pl\/#\/schema\/logo\/image\/\",\"url\":\"https:\/\/psdsopatow.pl\/wp-content\/uploads\/2022\/10\/cropped-cropped-18-1.png\",\"contentUrl\":\"https:\/\/psdsopatow.pl\/wp-content\/uploads\/2022\/10\/cropped-cropped-18-1.png\",\"width\":625,\"height\":299,\"caption\":\"Powiatowy \u015arodowiskowy Dom Samopomocy typu A B C D w Opatowie\"},\"image\":{\"@id\":\"https:\/\/psdsopatow.pl\/#\/schema\/logo\/image\/\"}}]}<\/script>\n<!-- \/ Yoast SEO plugin. -->","yoast_head_json":{"title":"Aktualno\u015bci - Powiatowy \u015arodowiskowy Dom Samopomocy typu A B C D w Opatowie","robots":{"index":"index","follow":"follow","max-snippet":"max-snippet:-1","max-image-preview":"max-image-preview:large","max-video-preview":"max-video-preview:-1"},"canonical":"https:\/\/psdsopatow.pl\/","og_locale":"pl_PL","og_type":"article","og_title":"Aktualno\u015bci - Powiatowy \u015arodowiskowy Dom Samopomocy typu A B C D w Opatowie","og_description":"II Zawody Sportowe o Puchar Starosty Powiatu Opatowskiego W dniu 15.06.2023 roku uczestniczyli\u015bmy w \u201eII Zawodach Sportowych o Puchar Starosty Powiatu Opatowskiego\u201d zorganizowanych przez Dom Pomocy Spo\u0142ecznej w Sobowie oraz Warsztat Terapii Zaj\u0119ciowej w Sobowie. Nasi uczestnicy musieli wykaza\u0107 si\u0119 nie lada sprawno\u015bci\u0105 bior\u0105c udzia\u0142 w kilku konkurencjach. Po zaci\u0119tej walce wy\u0142oniony zosta\u0142 zwyci\u0119zca tegorocznych [&hellip;]","og_url":"https:\/\/psdsopatow.pl\/","og_site_name":"Powiatowy \u015arodowiskowy Dom Samopomocy typu A B C D w Opatowie","article_modified_time":"2023-07-14T13:35:02+00:00","og_image":[{"url":"http:\/\/psdsopatow.pl\/wp-content\/uploads\/2023\/07\/355477039_217987064466916_3722034907307846254_n-577x1024.jpg"}],"twitter_card":"summary_large_image","twitter_misc":{"Szacowany czas czytania":"1 minuta"},"schema":{"@context":"https:\/\/schema.org","@graph":[{"@type":"WebPage","@id":"https:\/\/psdsopatow.pl\/","url":"https:\/\/psdsopatow.pl\/","name":"Aktualno\u015bci - Powiatowy \u015arodowiskowy Dom Samopomocy typu A B C D w Opatowie","isPartOf":{"@id":"https:\/\/psdsopatow.pl\/#website"},"primaryImageOfPage":{"@id":"https:\/\/psdsopatow.pl\/#primaryimage"},"image":{"@id":"https:\/\/psdsopatow.pl\/#primaryimage"},"thumbnailUrl":"http:\/\/psdsopatow.pl\/wp-content\/uploads\/2023\/07\/355477039_217987064466916_3722034907307846254_n-577x1024.jpg","datePublished":"2023-07-14T12:34:11+00:00","dateModified":"2023-07-14T13:35:02+00:00","breadcrumb":{"@id":"https:\/\/psdsopatow.pl\/#breadcrumb"},"inLanguage":"pl-PL","potentialAction":[{"@type":"ReadAction","target":["https:\/\/psdsopatow.pl\/"]}]},{"@type":"ImageObject","inLanguage":"pl-PL","@id":"https:\/\/psdsopatow.pl\/#primaryimage","url":"https:\/\/psdsopatow.pl\/wp-content\/uploads\/2023\/07\/355477039_217987064466916_3722034907307846254_n.jpg","contentUrl":"https:\/\/psdsopatow.pl\/wp-content\/uploads\/2023\/07\/355477039_217987064466916_3722034907307846254_n.jpg","width":1153,"height":2048},{"@type":"BreadcrumbList","@id":"https:\/\/psdsopatow.pl\/#breadcrumb","itemListElement":[{"@type":"ListItem","position":1,"name":"Home","item":"https:\/\/psdsopatow.pl\/"},{"@type":"ListItem","position":2,"name":"Aktualno\u015bci"}]},{"@type":"WebSite","@id":"https:\/\/psdsopatow.pl\/#website","url":"https:\/\/psdsopatow.pl\/","name":"Powiatowy \u015arodowiskowy Dom Samopomocy typu A B C D w Opatowie","description":"","publisher":{"@id":"https:\/\/psdsopatow.pl\/#organization"},"potentialAction":[{"@type":"SearchAction","target":{"@type":"EntryPoint","urlTemplate":"https:\/\/psdsopatow.pl\/?s={search_term_string}"},"query-input":{"@type":"PropertyValueSpecification","valueRequired":true,"valueName":"search_term_string"}}],"inLanguage":"pl-PL"},{"@type":"Organization","@id":"https:\/\/psdsopatow.pl\/#organization","name":"Powiatowy \u015arodowiskowy Dom Samopomocy typu A B C D w Opatowie","url":"https:\/\/psdsopatow.pl\/","logo":{"@type":"ImageObject","inLanguage":"pl-PL","@id":"https:\/\/psdsopatow.pl\/#\/schema\/logo\/image\/","url":"https:\/\/psdsopatow.pl\/wp-content\/uploads\/2022\/10\/cropped-cropped-18-1.png","contentUrl":"https:\/\/psdsopatow.pl\/wp-content\/uploads\/2022\/10\/cropped-cropped-18-1.png","width":625,"height":299,"caption":"Powiatowy \u015arodowiskowy Dom Samopomocy typu A B C D w Opatowie"},"image":{"@id":"https:\/\/psdsopatow.pl\/#\/schema\/logo\/image\/"}}]}},"_links":{"self":[{"href":"https:\/\/psdsopatow.pl\/index.php?rest_route=\/wp\/v2\/pages\/194","targetHints":{"allow":["GET"]}}],"collection":[{"href":"https:\/\/psdsopatow.pl\/index.php?rest_route=\/wp\/v2\/pages"}],"about":[{"href":"https:\/\/psdsopatow.pl\/index.php?rest_route=\/wp\/v2\/types\/page"}],"author":[{"embeddable":true,"href":"https:\/\/psdsopatow.pl\/index.php?rest_route=\/wp\/v2\/users\/1"}],"replies":[{"embeddable":true,"href":"https:\/\/psdsopatow.pl\/index.php?rest_route=%2Fwp%2Fv2%2Fcomments&post=194"}],"version-history":[{"count":12,"href":"https:\/\/psdsopatow.pl\/index.php?rest_route=\/wp\/v2\/pages\/194\/revisions"}],"predecessor-version":[{"id":223,"href":"https:\/\/psdsopatow.pl\/index.php?rest_route=\/wp\/v2\/pages\/194\/revisions\/223"}],"wp:attachment":[{"href":"https:\/\/psdsopatow.pl\/index.php?rest_route=%2Fwp%2Fv2%2Fmedia&parent=194"}],"curies":[{"name":"wp","href":"https:\/\/api.w.org\/{rel}","templated":true}]}}