{"id":79,"date":"2022-10-18T22:24:58","date_gmt":"2022-10-18T20:24:58","guid":{"rendered":"http:\/\/psdsopatow.pl\/?page_id=79"},"modified":"2022-10-18T22:24:58","modified_gmt":"2022-10-18T20:24:58","slug":"zajecia-terapeutyczne","status":"publish","type":"page","link":"https:\/\/psdsopatow.pl\/?page_id=79","title":{"rendered":"Zaj\u0119cia terapeutyczne"},"content":{"rendered":"\n<ul class=\"wp-block-list\"><li>kulinarna<\/li><li>r\u0119kodzie\u0142a,<\/li><li>sportu i rekreacji<\/li><li>multimedialna.<\/li><li>relaksacyjna<\/li><\/ul>\n","protected":false},"excerpt":{"rendered":"<p>kulinarna r\u0119kodzie\u0142a, sportu i rekreacji multimedialna. relaksacyjna<\/p>\n","protected":false},"author":1,"featured_media":0,"parent":0,"menu_order":0,"comment_status":"closed","ping_status":"closed","template":"","meta":{"footnotes":""},"class_list":["post-79","page","type-page","status-publish","hentry"],"yoast_head":"<!-- This site is optimized with the Yoast SEO plugin v23.9 - https:\/\/yoast.com\/wordpress\/plugins\/seo\/ -->\n<title>Zaj\u0119cia terapeutyczne - Powiatowy \u015arodowiskowy Dom Samopomocy typu A B C D w Opatowie<\/title>\n<meta name=\"robots\" content=\"index, follow, max-snippet:-1, max-image-preview:large, max-video-preview:-1\" \/>\n<link rel=\"canonical\" href=\"https:\/\/psdsopatow.pl\/?page_id=79\" \/>\n<meta property=\"og:locale\" content=\"pl_PL\" \/>\n<meta property=\"og:type\" content=\"article\" \/>\n<meta property=\"og:title\" content=\"Zaj\u0119cia terapeutyczne - Powiatowy \u015arodowiskowy Dom Samopomocy typu A B C D w Opatowie\" \/>\n<meta property=\"og:description\" content=\"kulinarna r\u0119kodzie\u0142a, sportu i rekreacji multimedialna. relaksacyjna\" \/>\n<meta property=\"og:url\" content=\"https:\/\/psdsopatow.pl\/?page_id=79\" \/>\n<meta property=\"og:site_name\" content=\"Powiatowy \u015arodowiskowy Dom Samopomocy typu A B C D w Opatowie\" \/>\n<meta name=\"twitter:card\" content=\"summary_large_image\" \/>\n<meta name=\"twitter:label1\" content=\"Szacowany czas czytania\" \/>\n\t<meta name=\"twitter:data1\" content=\"1 minuta\" \/>\n<script type=\"application\/ld+json\" class=\"yoast-schema-graph\">{\"@context\":\"https:\/\/schema.org\",\"@graph\":[{\"@type\":\"WebPage\",\"@id\":\"https:\/\/psdsopatow.pl\/?page_id=79\",\"url\":\"https:\/\/psdsopatow.pl\/?page_id=79\",\"name\":\"Zaj\u0119cia terapeutyczne - Powiatowy \u015arodowiskowy Dom Samopomocy typu A B C D w Opatowie\",\"isPartOf\":{\"@id\":\"https:\/\/psdsopatow.pl\/#website\"},\"datePublished\":\"2022-10-18T20:24:58+00:00\",\"dateModified\":\"2022-10-18T20:24:58+00:00\",\"breadcrumb\":{\"@id\":\"https:\/\/psdsopatow.pl\/?page_id=79#breadcrumb\"},\"inLanguage\":\"pl-PL\",\"potentialAction\":[{\"@type\":\"ReadAction\",\"target\":[\"https:\/\/psdsopatow.pl\/?page_id=79\"]}]},{\"@type\":\"BreadcrumbList\",\"@id\":\"https:\/\/psdsopatow.pl\/?page_id=79#breadcrumb\",\"itemListElement\":[{\"@type\":\"ListItem\",\"position\":1,\"name\":\"Home\",\"item\":\"https:\/\/psdsopatow.pl\/\"},{\"@type\":\"ListItem\",\"position\":2,\"name\":\"Zaj\u0119cia terapeutyczne\"}]},{\"@type\":\"WebSite\",\"@id\":\"https:\/\/psdsopatow.pl\/#website\",\"url\":\"https:\/\/psdsopatow.pl\/\",\"name\":\"Powiatowy \u015arodowiskowy Dom Samopomocy typu A B C D w Opatowie\",\"description\":\"\",\"publisher\":{\"@id\":\"https:\/\/psdsopatow.pl\/#organization\"},\"potentialAction\":[{\"@type\":\"SearchAction\",\"target\":{\"@type\":\"EntryPoint\",\"urlTemplate\":\"https:\/\/psdsopatow.pl\/?s={search_term_string}\"},\"query-input\":{\"@type\":\"PropertyValueSpecification\",\"valueRequired\":true,\"valueName\":\"search_term_string\"}}],\"inLanguage\":\"pl-PL\"},{\"@type\":\"Organization\",\"@id\":\"https:\/\/psdsopatow.pl\/#organization\",\"name\":\"Powiatowy \u015arodowiskowy Dom Samopomocy typu A B C D w Opatowie\",\"url\":\"https:\/\/psdsopatow.pl\/\",\"logo\":{\"@type\":\"ImageObject\",\"inLanguage\":\"pl-PL\",\"@id\":\"https:\/\/psdsopatow.pl\/#\/schema\/logo\/image\/\",\"url\":\"https:\/\/psdsopatow.pl\/wp-content\/uploads\/2022\/10\/cropped-cropped-18-1.png\",\"contentUrl\":\"https:\/\/psdsopatow.pl\/wp-content\/uploads\/2022\/10\/cropped-cropped-18-1.png\",\"width\":625,\"height\":299,\"caption\":\"Powiatowy \u015arodowiskowy Dom Samopomocy typu A B C D w Opatowie\"},\"image\":{\"@id\":\"https:\/\/psdsopatow.pl\/#\/schema\/logo\/image\/\"}}]}<\/script>\n<!-- \/ Yoast SEO plugin. -->","yoast_head_json":{"title":"Zaj\u0119cia terapeutyczne - Powiatowy \u015arodowiskowy Dom Samopomocy typu A B C D w Opatowie","robots":{"index":"index","follow":"follow","max-snippet":"max-snippet:-1","max-image-preview":"max-image-preview:large","max-video-preview":"max-video-preview:-1"},"canonical":"https:\/\/psdsopatow.pl\/?page_id=79","og_locale":"pl_PL","og_type":"article","og_title":"Zaj\u0119cia terapeutyczne - Powiatowy \u015arodowiskowy Dom Samopomocy typu A B C D w Opatowie","og_description":"kulinarna r\u0119kodzie\u0142a, sportu i rekreacji multimedialna. relaksacyjna","og_url":"https:\/\/psdsopatow.pl\/?page_id=79","og_site_name":"Powiatowy \u015arodowiskowy Dom Samopomocy typu A B C D w Opatowie","twitter_card":"summary_large_image","twitter_misc":{"Szacowany czas czytania":"1 minuta"},"schema":{"@context":"https:\/\/schema.org","@graph":[{"@type":"WebPage","@id":"https:\/\/psdsopatow.pl\/?page_id=79","url":"https:\/\/psdsopatow.pl\/?page_id=79","name":"Zaj\u0119cia terapeutyczne - Powiatowy \u015arodowiskowy Dom Samopomocy typu A B C D w Opatowie","isPartOf":{"@id":"https:\/\/psdsopatow.pl\/#website"},"datePublished":"2022-10-18T20:24:58+00:00","dateModified":"2022-10-18T20:24:58+00:00","breadcrumb":{"@id":"https:\/\/psdsopatow.pl\/?page_id=79#breadcrumb"},"inLanguage":"pl-PL","potentialAction":[{"@type":"ReadAction","target":["https:\/\/psdsopatow.pl\/?page_id=79"]}]},{"@type":"BreadcrumbList","@id":"https:\/\/psdsopatow.pl\/?page_id=79#breadcrumb","itemListElement":[{"@type":"ListItem","position":1,"name":"Home","item":"https:\/\/psdsopatow.pl\/"},{"@type":"ListItem","position":2,"name":"Zaj\u0119cia terapeutyczne"}]},{"@type":"WebSite","@id":"https:\/\/psdsopatow.pl\/#website","url":"https:\/\/psdsopatow.pl\/","name":"Powiatowy \u015arodowiskowy Dom Samopomocy typu A B C D w Opatowie","description":"","publisher":{"@id":"https:\/\/psdsopatow.pl\/#organization"},"potentialAction":[{"@type":"SearchAction","target":{"@type":"EntryPoint","urlTemplate":"https:\/\/psdsopatow.pl\/?s={search_term_string}"},"query-input":{"@type":"PropertyValueSpecification","valueRequired":true,"valueName":"search_term_string"}}],"inLanguage":"pl-PL"},{"@type":"Organization","@id":"https:\/\/psdsopatow.pl\/#organization","name":"Powiatowy \u015arodowiskowy Dom Samopomocy typu A B C D w Opatowie","url":"https:\/\/psdsopatow.pl\/","logo":{"@type":"ImageObject","inLanguage":"pl-PL","@id":"https:\/\/psdsopatow.pl\/#\/schema\/logo\/image\/","url":"https:\/\/psdsopatow.pl\/wp-content\/uploads\/2022\/10\/cropped-cropped-18-1.png","contentUrl":"https:\/\/psdsopatow.pl\/wp-content\/uploads\/2022\/10\/cropped-cropped-18-1.png","width":625,"height":299,"caption":"Powiatowy \u015arodowiskowy Dom Samopomocy typu A B C D w Opatowie"},"image":{"@id":"https:\/\/psdsopatow.pl\/#\/schema\/logo\/image\/"}}]}},"_links":{"self":[{"href":"https:\/\/psdsopatow.pl\/index.php?rest_route=\/wp\/v2\/pages\/79","targetHints":{"allow":["GET"]}}],"collection":[{"href":"https:\/\/psdsopatow.pl\/index.php?rest_route=\/wp\/v2\/pages"}],"about":[{"href":"https:\/\/psdsopatow.pl\/index.php?rest_route=\/wp\/v2\/types\/page"}],"author":[{"embeddable":true,"href":"https:\/\/psdsopatow.pl\/index.php?rest_route=\/wp\/v2\/users\/1"}],"replies":[{"embeddable":true,"href":"https:\/\/psdsopatow.pl\/index.php?rest_route=%2Fwp%2Fv2%2Fcomments&post=79"}],"version-history":[{"count":1,"href":"https:\/\/psdsopatow.pl\/index.php?rest_route=\/wp\/v2\/pages\/79\/revisions"}],"predecessor-version":[{"id":80,"href":"https:\/\/psdsopatow.pl\/index.php?rest_route=\/wp\/v2\/pages\/79\/revisions\/80"}],"wp:attachment":[{"href":"https:\/\/psdsopatow.pl\/index.php?rest_route=%2Fwp%2Fv2%2Fmedia&parent=79"}],"curies":[{"name":"wp","href":"https:\/\/api.w.org\/{rel}","templated":true}]}}